6
Calculate (-3 - -1) + -3 + 10 + -10.
-5
Calculate 13 - 11 - -10 - 5.
7
What is -306 - -300 - (2 + 1 - 1)?
-8
What is the value of -4 + (7 - 11 - 0)?
-8
What is -3 - (-12 + 6) - (1 - -6)?
-4
3 + (4 - ((-4 - -10) + -4))
5
What is the value of 9 + (-4 + 7 - 3) + -4?
5
What is 1 - 8 - (-9 + 12 + -14)?
4
What is 0 + 1 + 1 - (6 - 4)?
0
What is the value of -83 + 76 - (1 + -13 + -1)?
6
What is the value of 7 - (-3 - (6 - 20))?
-4
What is the value of 3 - ((2 - 8) + 2 + 2)?
5
What is -2 + -1 + (1 - -6) + 0?
4
Calculate -5 - (0 + -7) - 1.
1
What is (6 - (6 + -4)) + 3 + 0?
7
-7 - (-20 + 8) - 6
-1
-4 + -1 + 2 - -8 - 7
-2
What is the value of -27 + 28 + (-1 - 3)?
-3
What is 0 - ((2 - 0) + (-6 - -7))?
-3
What is the value of -2 - (3 + (4 - 11))?
2
What is 8 + 7 + -22 + 12?
5
Calculate (-3 - 4) + 5 + 6.
4
What is the value of (-1 - 0) + (-12 - -15) + 6?
8
What is (0 - 1) + 3 + -8 + 3?
-3
What is the value of 6 + 13 + -9 - 4?
6
Calculate (0 - -11) + 0 + -14.
-3
0 + 2 + (-1 + -1 - 2)
-2
What is the value of 2 + (5 - (9 - 5) - 6)?
-3
What is -25 + 18 - (-8 + 0)?
1
Calculate 2 + (1 - 6) + 1 + -1.
-3
What is the value of -2 - ((6 - 5) + 2)?
-5
What is the value of 6 + -4 + -2 + 3 + 0?
3
What is the value of -7 + 2 - (0 - 1)?
-4
10 - (1 - 3) - (-23 + 26)
9
Calculate -3 - (3 + -5) - -4.
3
Calculate -7 - (0 - -2) - -5.
-4
Evaluate 1 + 11 + -5 - 1.
6
Evaluate (13 - (-3 + 22)) + 12.
6
Evaluate (14 - 13) + 3 + -1 + -1.
2
Evaluate -7 + 5 - (-1 - (-3 + 0)).
-4
Calculate 7 - (-7 - -6 - (0 - 3)).
5
-1 - (-13 - (-10 + 4))
6
Evaluate -1 + 5 - (22 + -21) - 0.
3
2 + -7 + (8 - -3)
6
Evaluate 6 + (3 - 6) + -3.
0
Evaluate 1 + 7 + 28 + -11 + -17.
8
What is -2 + 6 + 0 + (38 - 37)?
5
Calculate -2 - ((2 - 1) + -1 - 5).
3
Evaluate -1 + -4 + 2 + 1 + 1.
-1
What is the value of (-3 - -1) + -4 + 2 + 3?
-1
(-2 - (6 + -4 + -1)) + 6
3
-7 + 6 + 2 + -1
0
7 - (-5 + 11 - 3)
4
Calculate -5 - (-6 + 7 - 7).
1
What is the value of (9 + -5 - 5) + 3 - -1?
3
Calculate 2 + 2 - (-3 + 5 + -3).
5
What is 0 + 1 + (-28 - -23)?
-4
What is the value of 4 - (11 + -4 - (1 + -4))?
-6
Evaluate 1 + (2 + -4 - -1) + -5.
-5
Evaluate -6 + (12 - (6 + -4 + -3)).
7
Calculate -3 + 1 + (3 - 4).
-3
Evaluate (-2 - 2) + (-5 - -7 - 0).
-2
Calculate (-1 - 2) + (0 - 1) - 2.
-6
Evaluate -2 - (-6 - (-2 - (3 + -3))).
2
What is -3 + 7 + (-4 - 8) + 2?
-6
Evaluate (-73 - -71) + 1 + 2.
1
Evaluate 0 + (-3 - -1 - -5 - 8).
-5
Evaluate (-1 - (3 - 1)) + 0.
-3
What is (-13 - (-8 + -17)) + -16?
-4
What is the value of 8 + -1 - (19 + -15)?
3
Evaluate 2 + -7 + 2 - (20 + -23).
0
Evaluate 0 + -1 + 4 - (-2 + 5).
0
What is the value of (1 - -11) + -12 - -2?
2
Evaluate -5 + -2 + 11 - -1.
5
5 + -3 + (2 - -1) + -3
2
Evaluate (-1 - -1) + (11 - 8).
3
What is (-10 - -10) + (-7 - 0) + 3?
-4
Evaluate (-3 + 1 - 1) + 3 + 0.
0
Evaluate -9 - -1 - (17 + -17).
-8
What is the value of (0 - 5) + -5 - -5?
-5
Evaluate (3 - 8 - 1) + 6.
0
3 - 3 - (-1 + 0 - 1)
2
What is the value of -2 + 3 + 8 + -14?
-5
7 + -4 + -7 + 3 - -8
7
What is the value of 30 + -35 + 4 + 1?
0
What is 0 - (3 - 0) - (-26 - -25)?
-2
Calculate -14 + 10 + (8 + -3 - -2).
3
What is the value of -8 - (-18 - 0) - 16?
-6
What is the value of (2 - (1 - 3)) + -9?
-5
What is 9 - 12 - (4 - 10)?
3
Calculate 5 - (3 + 4 - -2).
-4
-3 + -8 + 3 + 3 + 3
-2
What is the value of 2 + (-5 - (-3 + -1))?
1
Calculate (2 - 0) + (-46 - -45).
1
Evaluate 4 + (-2 - 0) + -2 - -4.
4
Calculate -8 - -2 - (4 + -15).
5
What is -2 + (-1 - 1) + (4 - -2)?
2
Calculate -7 + 5 + (9 - 4).
3
Evaluate -4 + 21 + -24 - (-8 - 0).
1
What is -7 - ((2 - -1) + (-3 - 0))?
-7
Calculate -2 - (2 - (1 + 0 + 1)).
-2
Evaluate -1 + (1 - -3 - 6) + 1.
-2
What is 9 + (2 + -18 - -8)?
1
What is the value of 3 + -7 - (1 - 1)?
-4
What is the value of 0 + -5 + -4 + 8?
-1
What is the value of 9 - (1 + -7 - -5)?
10
What is the value of -15 + 9 + 1 + (0 - 3)?
-8
What is the value of -94 + 102 - (0 - -12)?
-4
What is the value of 5 + -12 + 14 - 3?
4
5 + -1 + (-9 - (-2 + -3))
0
What is -1 - (12 - (-6 + 14))?
-5
What is the value of 1 + -5 + 0 + 6 + 1?
3
Calculate 4 + -3 + 4 + -7.
-2
Evaluate -1 + 0 - (5 + -7 + 3).
-2
Evaluate 9 + 7 + (4 - 6) + -6.
8
Evaluate 5 - ((-5 - (1 + -2)) + 14).
-5
Calculate 2 + (8 + -10 - -3).
3
What is the value of 4 + (-3 + 2 - (-6 + 5))?
4
Evaluate -6 + 10 + 1 + -4.
1
2 + 0 + -3 + 4 + -3
0
What is (-3 - (3 + -8)) + (4 - 5)?
1
Evaluate (-4 - 0 - -8) + 1.
5
What is -6 - 1 - (-7 + 10 + -5)?
-5
What is 2 - ((-6 - -6) + 0)?
2
What is 3 + 1 + -7 + -5 + 15?
7
2 + 4 - (-3 + 7)
2
(-1 + -2 - -2) + -2
-3
What is 5 - (2 - (-8 - (-6 - 6)))?
7
What is the value of 2 + (-7 - (-6 - -8))?
-7
Evaluate 1 - (1 + -7 - -4).
3
What is 3 + -8 + 1 - -3?
-1
What is 1 + -5 + -5 + 5?
-4
What is the value of -4 + (-8 - -3) - (-5 - -1)?
-5
What is (-3 - 1) + 8 - (-2 - -2)?
4
2 + (-1 - 1) + 9 + -8
1
(-5 - (5 + -5 - 0)) + -2
-7
What is the value of (1 - ((-1 - -4) + -2)) + 0?
0
What is -12 + 10 + (-8 - (1 + -3))?
-8
What is the value of -3 + -4 + 4 + -2?
-5
Calculate -7 + (-7 - -1 - -7).
-6
What is (12 - (0 + 2)) + -16?
-6
Evaluate (2 - 2) + -5 + 6 - -4.
5
Evaluate 4 + (2 - -2 - 14).
-6
What is the value of 1 + (-3 - (-2 - 6 - -1))?
5
5 + 1 + -4 + 1
3
Calculate -1 + -2 - (-3 - 3).
3
Calculate -21 + 23 + (-1 - 3).
-2
What is -4 + (2 - (0 - (1 + -3)))?
-4
What is 1 + 1 + (-3 - -5)?
4
Evaluate 3 + (-1 - -4 - 8).
-2
What is -10 + 9 + (-1 - (-5 + 2))?
1
-1 - 5 - (9 - 12)
-3
-5 + (10 - (0 + -1)) + -1
5
3 + 1 + -14 - -5
-5
Evaluate -1 + (2 - -4) + -8.
-3
What is the value of -10 + 5 + (1 - (3 - 10))?
3
Calculate -4 - (-1 - (-2 - (4 + -11))).
2
4 + -1 + -2 + -38 + 45
8
What is (-4 - -3) + 0 + 0 + -4?
-5
7 + 3 + -2 + -12
-4
15 + -16 - (5 + -4 - 6)
4
4 - 1 - 0 - 2
1
Calculate ((-4 - -8) + -1 - 1) + -3.
-1
What is 0 - (-2 + (10 - 4))?
-4
Evaluate (-3 - -1) + -2 + 4.
0
-2 + (7 - 2) - (-78 - -75)
6
5 + (-5 - -3 - -1)
4
What is the value of -4 + (6 - -2) + -9?
-5
0 + 0 - ((-4 - 0) + 2)
2
What is 6 + -4 - 13 - -8?
-3
What is -5 - (8 + (-5 - 5) + -7)?
4
Evaluate 16 + -16 - ((-9 - 1) + 3).
7
(-3 - -1) + (1 - -2)
1
-3 - (-9 - -1) - (4 - 1)
2
What is the value of 8 + -18 + (-12 - -15)?
-7
What is -1 - 2 - -5 - (3 - 3)?
2
What is 2 + (7 - 7) - 6?
-4
Calculate 3 - ((12 - 4) + 1 + -4).
-2
What is 2 + 0 + 1 + 4 + -2?
5
What is 4 - 1 - (3 - (5 + -1))?
4
What is (0 - 3) + -1 + 5?
1
What is -1 + 3 + 2 + -2 - 0?
2
Calculate -8 + 3 - 1 - -2.
-4
What is (3 - -1) + -15 + 5 + 2?
-4
Calculate -2 - (-4 - (-4 - 2)).
-4
Calculate ((-1 - -1) + -2 - 2) + 2.
-2
What is -8 + 3 - -12 - (1 - -1)?
5
-1 - ((-10 - -5) + 4)
0
What is (2 - -1) + -12 + (4 - -1)?
-4
3 + (-1 + (3 - 7) - -9)
7
(15 - 12) + 0 + -8
-5
Evaluate (-3 - (6 + -2)) + 2.
-5
What is the value of -3 + 7 + -6 - -3?
1
Evaluate (5 - 7) + -3 + 2.
-3
Evaluate 2 + -1 + 1 + -1.
1
What is 0 + (4 - 3) + -2 - 0?
-1
What is the value of -5 + 2 - (2 - (4 + 1))?
0
Evaluate (-16 - -17 - (-2 - -8)) + -1.
-6
What is the value of -4 - -3 - 9 - -11?
1
Evaluate 1 + 8 + (-114 - -103).
-2
Calculate 7 - -1 - (4 - 2 - -5).
1
What is the value of -8 - (-7 + (-4 - -8))?
-5
Evaluate -8 - (-8 + 4) - (2 - 1).
-5
Evaluate 5 + (-7 - (-5 + 2)).
1
What is the value of 15 + -3 + 15 + -22?
5
What is -8 - (6 + -18 + 8)?
-4
4 + (6 - (5 - -11)) - -1
-5
What is -2 + (-1 - -9) + -2?
4
Evaluate (0 - 5) + 7 - 2.
0
7 + (-1 - (0 - (5 - 5)))
6
What is 3 - (4 + -2) - 3 - -3?
1
0 + -14 + (-1 + 6 - 0)
-9
Evaluate 4 - (-3 + 9 - 3).
1
Evaluate -6 + 0 + 2 - (0 + -2).
-2
Evaluate 2 + 3 + (3 - (5 - 1)).
4
(2 - -1) + -6 - -3
0
Calculate (2 - 4 - -1 - -7) + -8.
-2
What is the value of -5 + (0 - -1) - (-54 + 51)?
-1
(-6 - -6) + (2 - 6)
-4
What is (-27 + 13 - -9) + 1 + -2?
-6
What is (2 - (-2 + 6)) + 0?
-2
What is 13 + -19 + 16 + -3 + -1?
6
What is the value of 1 + -5 + 1 - (-17 + 8)?
6
Calculate (11 - 1) + 32 + -39.
3
What is the value of 1 + (-13 - (-13 - -7)) + 14?
8
What is -1 + (-8 - -8) - 8?
-9
Evaluate 3 - -4 - (1 - -6).
0
What is -2 + 2 + 3 + -23 + 15?
-5
Calculate (-2 + 0 + 4 - -1) + -1.
2
Evaluate -23 + 11 - (-9 - 0).
-3
1 + -1 + (-9 - -18 - 6)
3
Evaluate 12 + -7 - (2 - -7).
-4
-6 - (-15 + (2 - (-1 - 1)))
5
6 - (4 + (8 - 7))
1
-1 + -2 + -3 + 1
-5
What is -7 + (-1 - -8) - 1?
-1
Evaluate 3 - (-2 + (-3 - (-3 - 3))).
2
Calculate 1 - (0 + 1) - (-3 + 6).
-3
2 - (2 + -1 + -4 + 1)
4
What is the va